{"id":2506,"date":"2024-01-04T10:38:14","date_gmt":"2024-01-04T13:38:14","guid":{"rendered":"http:\/\/170.210.81.163\/cehepyc\/?page_id=2506"},"modified":"2025-04-23T09:54:10","modified_gmt":"2025-04-23T12:54:10","slug":"historia","status":"publish","type":"page","link":"https:\/\/cehepyc.uncoma.edu.ar\/index.php\/historia\/","title":{"rendered":"Historia"},"content":{"rendered":"\t\t<div data-elementor-type=\"wp-page\" data-elementor-id=\"2506\" class=\"elementor elementor-2506\" data-elementor-post-type=\"page\">\n\t\t\t\t<div class=\"elementor-element elementor-element-335bd57 e-flex e-con-boxed e-con e-parent\" data-id=\"335bd57\" data-element_type=\"container\" data-e-type=\"container\">\n\t\t\t\t\t<div class=\"e-con-inner\">\n\t\t\t\t<div class=\"elementor-element elementor-element-9b8a7a6 elementor--h-position-center elementor--v-position-middle elementor-arrows-position-inside elementor-pagination-position-inside elementor-widget elementor-widget-slides\" data-id=\"9b8a7a6\" data-element_type=\"widget\" data-e-type=\"widget\" data-settings=\"{&quot;navigation&quot;:&quot;both&quot;,&quot;autoplay&quot;:&quot;yes&quot;,&quot;pause_on_hover&quot;:&quot;yes&quot;,&quot;pause_on_interaction&quot;:&quot;yes&quot;,&quot;autoplay_speed&quot;:5000,&quot;infinite&quot;:&quot;yes&quot;,&quot;transition&quot;:&quot;slide&quot;,&quot;transition_speed&quot;:500}\" data-widget_type=\"slides.default\">\n\t\t\t\t<div class=\"elementor-widget-container\">\n\t\t\t\t\t\t\t\t\t<div class=\"elementor-swiper\">\r\n\t\t\t\t\t<div class=\"elementor-slides-wrapper elementor-main-swiper swiper\" role=\"region\" aria-roledescription=\"carousel\" aria-label=\"Slides\" dir=\"ltr\" data-animation=\"fadeInUp\">\r\n\t\t\t\t<div class=\"swiper-wrapper elementor-slides\">\r\n\t\t\t\t\t\t\t\t\t\t<div class=\"elementor-repeater-item-d6d516c swiper-slide\" role=\"group\" aria-roledescription=\"slide\"><div class=\"swiper-slide-bg\" role=\"img\" aria-label=\"12bis\"><\/div><div class=\"swiper-slide-inner\" ><div class=\"swiper-slide-contents\"><\/div><\/div><\/div><div class=\"elementor-repeater-item-4f2d835 swiper-slide\" role=\"group\" aria-roledescription=\"slide\"><div class=\"swiper-slide-bg\" role=\"img\" aria-label=\"10\"><\/div><div class=\"swiper-slide-inner\" ><div class=\"swiper-slide-contents\"><\/div><\/div><\/div><div class=\"elementor-repeater-item-1ff9d70 swiper-slide\" role=\"group\" aria-roledescription=\"slide\"><div class=\"swiper-slide-bg\" role=\"img\" aria-label=\"11\"><\/div><div class=\"swiper-slide-inner\" ><div class=\"swiper-slide-contents\"><\/div><\/div><\/div><div class=\"elementor-repeater-item-13b5c0a swiper-slide\" role=\"group\" aria-roledescription=\"slide\"><div class=\"swiper-slide-bg\" role=\"img\" aria-label=\"1\"><\/div><div class=\"swiper-slide-inner\" ><div class=\"swiper-slide-contents\"><\/div><\/div><\/div>\t\t\t\t<\/div>\r\n\t\t\t\t\t\t\t\t\t\t\t\t\t\t\t<div class=\"elementor-swiper-button elementor-swiper-button-prev\" role=\"button\" tabindex=\"0\" aria-label=\"Previous slide\">\r\n\t\t\t\t\t\t\t<svg aria-hidden=\"true\" class=\"e-font-icon-svg e-eicon-chevron-left\" viewBox=\"0 0 1000 1000\" xmlns=\"http:\/\/www.w3.org\/2000\/svg\"><path d=\"M646 125C629 125 613 133 604 142L308 442C296 454 292 471 292 487 292 504 296 521 308 533L604 854C617 867 629 875 646 875 663 875 679 871 692 858 704 846 713 829 713 812 713 796 708 779 692 767L438 487 692 225C700 217 708 204 708 187 708 171 704 154 692 142 675 129 663 125 646 125Z\"><\/path><\/svg>\t\t\t\t\t\t<\/div>\r\n\t\t\t\t\t\t<div class=\"elementor-swiper-button elementor-swiper-button-next\" role=\"button\" tabindex=\"0\" aria-label=\"Next slide\">\r\n\t\t\t\t\t\t\t<svg aria-hidden=\"true\" class=\"e-font-icon-svg e-eicon-chevron-right\" viewBox=\"0 0 1000 1000\" xmlns=\"http:\/\/www.w3.org\/2000\/svg\"><path d=\"M696 533C708 521 713 504 713 487 713 471 708 454 696 446L400 146C388 133 375 125 354 125 338 125 325 129 313 142 300 154 292 171 292 187 292 204 296 221 308 233L563 492 304 771C292 783 288 800 288 817 288 833 296 850 308 863 321 871 338 875 354 875 371 875 388 867 400 854L696 533Z\"><\/path><\/svg>\t\t\t\t\t\t<\/div>\r\n\t\t\t\t\t\t\t\t\t\t\t\t\t\t\t\t<div class=\"swiper-pagination\"><\/div>\r\n\t\t\t\t\t\t\t\t\t\t\t\t<\/div>\r\n\t\t\t\t<\/div>\r\n\t\t\t\t\t\t\t\t<\/div>\n\t\t\t\t<\/div>\n\t\t\t\t<div class=\"elementor-element elementor-element-3041db3 elementor-widget elementor-widget-text-editor\" data-id=\"3041db3\" data-element_type=\"widget\" data-e-type=\"widget\" data-widget_type=\"text-editor.default\">\n\t\t\t\t<div class=\"elementor-widget-container\">\n\t\t\t\t\t\t\t\t\t<p>El <strong>CEHEPyC\u00a0(Centro de Estudios Hist\u00f3ricos de Estado, Pol\u00edtica y Cultura)<\/strong>, fue creado en 1997 por un grupo de Historiadores que, en el marco de un proyecto acad\u00e9mico radicado en la Facultad de Humanidades de la Universidad Nacional del Comahue (Resoluci\u00f3n FH\u00a0\u00a0N\u00ba689\/97), iniciaron investigaciones sobre la historia pol\u00edtica de la Nor-patagonia Argentina. En ese grupo inicial, adem\u00e1s de quienes fueran su directora, la Dra. Orietta Favaro, y co-directora, la Mgtr. Graciela Iuorno, formaron parte el Mgtr Mario Arias Bucciarelli (f), las profesoras Alicia Ester Gonz\u00e1lez y Mar\u00eda Carolina Scuri. La relaci\u00f3n que se entabl\u00f3 con CLACSO (Consejo Latinoamericano de Ciencias Sociales) en la Asamblea de Recife (Brasil),\u00a0\u00a0permiti\u00f3 al Centro patag\u00f3nico su incorporaci\u00f3n como miembro del Consejo en 1999. Esta situaci\u00f3n se mantuvo hasta el presente y ha permitido a varios de sus integrantes participar de las Asambleas y formar parte de los Grupos de Trabajo (GT) y Seminarios que organiz\u00f3 la ONG a nivel nacional e internacional en pa\u00edses como M\u00e9xico, Colombia, Cuba, Brasil, Uruguay, Paraguay y Bolivia, entre otros.\u00a0\u00a0<\/p><p>Con el correr de los a\u00f1os y la realizaci\u00f3n de actividades acad\u00e9micas, se fueron sumando investigadores -profesionales de diferentes disciplinas- en una moldura de interdisciplinariedad que siempre se propici\u00f3 desde la conducci\u00f3n del Centro con soci\u00f3logos, ge\u00f3grafos, asistentes sociales, sic\u00f3logos, polit\u00f3logos, antrop\u00f3logos, abogados, especialistas en educaci\u00f3n- no s\u00f3lo de la Facultad de Humanidades, sede del Centro, sino de otras Facultades de la UNCo, como el Curza, Fadecs y Fade y de otras instituciones terciarias de la regi\u00f3n. Paulatinamente, ingresaron becarios de investigaci\u00f3n en categor\u00eda estudiantes, iniciaci\u00f3n y perfeccionamiento, que permiti\u00f3 ampliar, complejizar y enriquecer cient\u00edfica e intelectualmente al centro y generar una vasta y completa formaci\u00f3n de recursos humanos, mucha\/os de ella\/os, luego incorporada\/os a las c\u00e1tedras que se dictaron en las facultades y otra\/os, obtuvieron becas en el Conicet, a partir de lo cual, iniciaron sus carreras como investigadoras\/es en el mismo.<\/p><p>En m\u00e1s de dos d\u00e9cadas de trabajo acad\u00e9mico y de transferencia al medio y al sistema educativo local, con la firma de convenios con instituciones de la regi\u00f3n se produjeron fasc\u00edculos de Historia Regional, destinados a docentes de distintos niveles educativos de la zona. En este marco de articulaci\u00f3n e intercambios, se dictaron cursos y seminarios de perfeccionamiento con invitados especiales, entre otra\/os, Atilio Bor\u00f3n, Julio Gambina, Pablo Pozzi, Vera Carnevale. Las propuestas permitieron congregar a un importante n\u00famero de docentes e interesados en la realidad actual del pa\u00eds y latinoamericana. Asimismo investigadores integrantes del centro fueron dictantes de cursos, seminarios y charlas en el sector de educaci\u00f3n neuquina y rionegrina. Entre otras actividades extensivas, se editaron producciones hist\u00f3ricas para estudiantes y docentes que a la fecha cuentan con una amplia difusi\u00f3n y una significativa vigencia sus contenidos eruditos y, a su vez, did\u00e1cticos.<\/p><p>Las numerosas publicaciones de los miembros producidas a lo largo de estos a\u00f1os, se pueden consultar en la p\u00e1gina del Centro, el que al comienzo del presente siglo contaba con m\u00e1s de cuarenta miembros entre docentes, estudiantes, becarios internos de la universidad y del Conicet.<\/p><p>Es de destacar que el Cehepyc, fue uno de los centros a partir del cual, se organiz\u00f3 el IPEHCS, Instituto Patag\u00f3nico de Estudios Hist\u00f3ricos y Sociales-CONICET, que nuclea una elocuente cifra de investigadores de la UNComahue.<\/p><p>La historia del Centro se puede observar con la lectura del material editado, en las conceptualizaciones acu\u00f1adas por sus investigadores, en las reconstrucciones de la historia reciente\/presente en art\u00edculos, libros y fasc\u00edculos, que permiten- en parte- cubrir las necesidades historiogr\u00e1ficas del norte de la Patagonia argentina y en algunas producciones de la Patagonia en su conjunto en clave Latinoam\u00e9rica.<\/p>\t\t\t\t\t\t\t\t<\/div>\n\t\t\t\t<\/div>\n\t\t\t\t\t<\/div>\n\t\t\t\t<\/div>\n\t\t<div class=\"elementor-element elementor-element-1abf1e5 e-flex e-con-boxed e-con e-parent\" data-id=\"1abf1e5\" data-element_type=\"container\" data-e-type=\"container\">\n\t\t\t\t\t<div class=\"e-con-inner\">\n\t\t\t\t<div class=\"elementor-element elementor-element-1688f2f elementor-icon-list--layout-traditional elementor-list-item-link-full_width elementor-widget elementor-widget-icon-list\" data-id=\"1688f2f\" data-element_type=\"widget\" data-e-type=\"widget\" data-widget_type=\"icon-list.default\">\n\t\t\t\t<div class=\"elementor-widget-container\">\n\t\t\t\t\t\t\t<ul class=\"elementor-icon-list-items\">\n\t\t\t\t\t\t\t<li class=\"elementor-icon-list-item\">\n\t\t\t\t\t\t\t\t\t\t\t<a href=\"https:\/\/cehepyc.uncoma.edu.ar\/index.php\/integrantes-grupos\/\">\n\n\t\t\t\t\t\t\t\t\t\t\t\t<span class=\"elementor-icon-list-icon\">\n\t\t\t\t\t\t\t<svg aria-hidden=\"true\" class=\"e-font-icon-svg e-fas-user-friends\" viewBox=\"0 0 640 512\" xmlns=\"http:\/\/www.w3.org\/2000\/svg\"><path d=\"M192 256c61.9 0 112-50.1 112-112S253.9 32 192 32 80 82.1 80 144s50.1 112 112 112zm76.8 32h-8.3c-20.8 10-43.9 16-68.5 16s-47.6-6-68.5-16h-8.3C51.6 288 0 339.6 0 403.2V432c0 26.5 21.5 48 48 48h288c26.5 0 48-21.5 48-48v-28.8c0-63.6-51.6-115.2-115.2-115.2zM480 256c53 0 96-43 96-96s-43-96-96-96-96 43-96 96 43 96 96 96zm48 32h-3.8c-13.9 4.8-28.6 8-44.2 8s-30.3-3.2-44.2-8H432c-20.4 0-39.2 5.9-55.7 15.4 24.4 26.3 39.7 61.2 39.7 99.8v38.4c0 2.2-.5 4.3-.6 6.4H592c26.5 0 48-21.5 48-48 0-61.9-50.1-112-112-112z\"><\/path><\/svg>\t\t\t\t\t\t<\/span>\n\t\t\t\t\t\t\t\t\t\t<span class=\"elementor-icon-list-text\">Integrantes del CEHEPYC<\/span>\n\t\t\t\t\t\t\t\t\t\t\t<\/a>\n\t\t\t\t\t\t\t\t\t<\/li>\n\t\t\t\t\t\t\t\t<li class=\"elementor-icon-list-item\">\n\t\t\t\t\t\t\t\t\t\t\t<a href=\"https:\/\/cehepyc.uncoma.edu.ar\/index.php\/reglamento-del-cepehyc\/\">\n\n\t\t\t\t\t\t\t\t\t\t\t\t<span class=\"elementor-icon-list-icon\">\n\t\t\t\t\t\t\t<svg aria-hidden=\"true\" class=\"e-font-icon-svg e-fas-file-signature\" viewBox=\"0 0 576 512\" xmlns=\"http:\/\/www.w3.org\/2000\/svg\"><path d=\"M218.17 424.14c-2.95-5.92-8.09-6.52-10.17-6.52s-7.22.59-10.02 6.19l-7.67 15.34c-6.37 12.78-25.03 11.37-29.48-2.09L144 386.59l-10.61 31.88c-5.89 17.66-22.38 29.53-41 29.53H80c-8.84 0-16-7.16-16-16s7.16-16 16-16h12.39c4.83 0 9.11-3.08 10.64-7.66l18.19-54.64c3.3-9.81 12.44-16.41 22.78-16.41s19.48 6.59 22.77 16.41l13.88 41.64c19.75-16.19 54.06-9.7 66 14.16 1.89 3.78 5.49 5.95 9.36 6.26v-82.12l128-127.09V160H248c-13.2 0-24-10.8-24-24V0H24C10.7 0 0 10.7 0 24v464c0 13.3 10.7 24 24 24h336c13.3 0 24-10.7 24-24v-40l-128-.11c-16.12-.31-30.58-9.28-37.83-23.75zM384 121.9c0-6.3-2.5-12.4-7-16.9L279.1 7c-4.5-4.5-10.6-7-17-7H256v128h128v-6.1zm-96 225.06V416h68.99l161.68-162.78-67.88-67.88L288 346.96zm280.54-179.63l-31.87-31.87c-9.94-9.94-26.07-9.94-36.01 0l-27.25 27.25 67.88 67.88 27.25-27.25c9.95-9.94 9.95-26.07 0-36.01z\"><\/path><\/svg>\t\t\t\t\t\t<\/span>\n\t\t\t\t\t\t\t\t\t\t<span class=\"elementor-icon-list-text\">Reglamento del CEHEPYC<\/span>\n\t\t\t\t\t\t\t\t\t\t\t<\/a>\n\t\t\t\t\t\t\t\t\t<\/li>\n\t\t\t\t\t\t<\/ul>\n\t\t\t\t\t\t<\/div>\n\t\t\t\t<\/div>\n\t\t\t\t\t<\/div>\n\t\t\t\t<\/div>\n\t\t\t\t<\/div>\n\t\t","protected":false},"excerpt":{"rendered":"<p>&nbsp; El CEHEPyC\u00a0(Centro de Estudios Hist\u00f3ricos de Estado, Pol\u00edtica y Cultura), fue creado en 1997 por un grupo de Historiadores que, en el marco de un proyecto acad\u00e9mico radicado en la Facultad de Humanidades de la Universidad Nacional del Comahue (Resoluci\u00f3n FH\u00a0\u00a0N\u00ba689\/97), iniciaron investigaciones sobre la historia pol\u00edtica de la Nor-patagonia Argentina. En ese grupo [&hellip;]<\/p>\n","protected":false},"author":2,"featured_media":2294,"parent":0,"menu_order":0,"comment_status":"closed","ping_status":"closed","template":"","meta":{"footnotes":""},"class_list":["post-2506","page","type-page","status-publish","has-post-thumbnail","hentry"],"_links":{"self":[{"href":"https:\/\/cehepyc.uncoma.edu.ar\/index.php\/wp-json\/wp\/v2\/pages\/2506","targetHints":{"allow":["GET"]}}],"collection":[{"href":"https:\/\/cehepyc.uncoma.edu.ar\/index.php\/wp-json\/wp\/v2\/pages"}],"about":[{"href":"https:\/\/cehepyc.uncoma.edu.ar\/index.php\/wp-json\/wp\/v2\/types\/page"}],"author":[{"embeddable":true,"href":"https:\/\/cehepyc.uncoma.edu.ar\/index.php\/wp-json\/wp\/v2\/users\/2"}],"replies":[{"embeddable":true,"href":"https:\/\/cehepyc.uncoma.edu.ar\/index.php\/wp-json\/wp\/v2\/comments?post=2506"}],"version-history":[{"count":42,"href":"https:\/\/cehepyc.uncoma.edu.ar\/index.php\/wp-json\/wp\/v2\/pages\/2506\/revisions"}],"predecessor-version":[{"id":4098,"href":"https:\/\/cehepyc.uncoma.edu.ar\/index.php\/wp-json\/wp\/v2\/pages\/2506\/revisions\/4098"}],"wp:featuredmedia":[{"embeddable":true,"href":"https:\/\/cehepyc.uncoma.edu.ar\/index.php\/wp-json\/wp\/v2\/media\/2294"}],"wp:attachment":[{"href":"https:\/\/cehepyc.uncoma.edu.ar\/index.php\/wp-json\/wp\/v2\/media?parent=2506"}],"curies":[{"name":"wp","href":"https:\/\/api.w.org\/{rel}","templated":true}]}}